igit of i?
4
Suppose -1737 + 5700 = q + 5*b, -3*q = -b - 11953. What is the thousands digit of q?
3
Let y(r) = -r**3 + 29*r**2 - 40*r + 154. What is the tens digit of y(26)?
4
Suppose 0 = 10*o - 40*o + 1500. Suppose 3*w - 109 = 8*w - 2*m, -5*m + 31 = -2*w. Let r = o + w. What is the tens digit of r?
2
Suppose -i + 2 = 1. Suppose 5*c = -u - i + 3, -4*u + 26 = 2*c. Suppose 8*q = u*q + 22. What is the tens digit of q?
2
Let c(l) = -12*l + 808. What is the tens digit of c(0)?
0
Let v(s) = s**3 - 8*s + 6. Let g be 21/3 - 0 - 3. Let l be v(g). Let o = -33 + l. What is the units digit of o?
5
Let g = 8 - 4. Suppose -19 = -2*f + g*s + 7, -4*f = -2*s - 34. Suppose -2*r - 105 = -f*r. What is the tens digit of r?
2
Suppose 3*g + g = -2*d + 18, -5*g = 3*d - 24. Suppose 0 + 6 = -d*u. Let o(b) = -4*b + 1. What is the units digit of o(u)?
9
Suppose -8*a + 10*a + 54 = 0. Let n = a + 29. Suppose 0 = n*b + 25 - 121. What is the tens digit of b?
4
Let w(f) = f - 3*f**2 - 2 + 9 + 8*f**2 - 3*f**2. Let a be w(-3). Let g = a + 3. What is the tens digit of g?
2
Suppose -f + 8 = -2*r - 3*f, -r = 3*f + 8. Let d(g) = -8*g**3 - g**2 - 6*g - 4. What is the units digit of d(r)?
8
Suppose -3*j - 3*k = -0*k - 3, 0 = 2*k + 6. What is the tens digit of (0 - 3) + (-4 - (j + -168))?
5
Let w be (143/(-78))/(1/(-6)). Let d be 4/10 + (-2890)/(-25). Suppose w*n - d = 7*n. What is the units digit of n?
9
Suppose -189*z + 194*z = 1175. What is the units digit of z?
5
Suppose -12 = 8*f - 10*f. What is the units digit of (-1260)/24*(-4)/f?
5
Let c(i) = -2*i**3 - i**2 - 6*i - 5. Let n be c(5). What is the hundreds digit of (n/3)/(8/(-12))?
1
Suppose 534*t = 540*t - 1686. What is the units digit of t?
1
What is the thousands digit of (-20 - -8) + 14 + 4384/1?
4
Suppose -4*c - c + 1610 = 0. Suppose 50 + c = 4*i. What is the tens digit of i?
9
Suppose 0 = -2*j - c - 38 + 127, 2*c = j - 52. Let o = -29 + j. Suppose -4*l + 3*l = -3*k + o, -43 = -5*k - 2*l. What is the units digit of k?
7
Let l = -1 - 0. Suppose 32 = -v + 32. What is the units digit of -1 - v - (-4 + l)?
4
Let v be 85/(-15) - 8/(-12). Let t be v/(-2)*(-1134)/(-35). Let j = t + -57. What is the units digit of j?
4
Suppose 10 = 3*v - 2. Suppose -v*m + 3*d + 261 + 44 = 0, -74 = -m + 3*d. What is the units digit of m?
7
What is the hundreds digit of 2*(6 + 332) - 7?
6
Suppose 6342 = -14*r + 21*r. What is the hundreds digit of r?
9
Suppose -6*f = -600 - 120. Suppose -17*d = -12*d - f. What is the units digit of d?
4
What is the thousands digit of 8/32 - (-13614)/8?
1
Suppose 5*b = -4*f + 295 - 18, 0 = -5*b + 5*f + 250. What is the tens digit of b?
5
Suppose 0 = 5*x - 22 - 48. Suppose 0 = i - 4*g + 5, -4*i - 4*g = -3*g - x. Suppose i*c = 8*c - 230. What is the units digit of c?
6
Let z(m) = -8*m**3 - 7*m**2 - 6*m - 4. What is the units digit of z(-2)?
4
Let q(n) be the third derivative of n**5/60 + n**4/24 + 2*n**3/3 + 2*n**2. Let f be q(0). Suppose f*y = y + 81. What is the units digit of y?
7
Let r(w) = 3*w + w**2 + 20 + 7*w - 3*w - 3*w. What is the tens digit of r(6)?
8
Let j(s) = 20*s**2 + 12*s - 30. What is the tens digit of j(-6)?
1
Let n(f) = f**3 - 6*f**2 + f - 4. Let y be n(6). Suppose -y*m = -3*m + 169. What is the tens digit of m?
6
Let p(i) = -i - 10. Let n be p(-8). Let g be (-35)/(-14) + 1/n. Let v = 10 - g. What is the units digit of v?
8
Let i be 17127/36 + (-3)/(-12)*1. Suppose -4*g + 72 = b, -i = -4*b - 4*g - 152. What is the units digit of b?
4
Suppose 9*s = -647 + 15128. What is the units digit of s?
9
Let h = 31 - 18. Let t = -17 + h. What is the units digit of 0 + t/(-4) + 22?
3
Suppose 0 = -3*j + 272 + 1186. What is the hundreds digit of j?
4
What is the thousands digit of ((-3398)/(-5))/((-46)/(-115))?
1
Let m(u) = -63*u**3 + 3*u**2 + 2*u. Suppose -5*h + 2*h - 12 = 0. Let q = 3 + h. What is the tens digit of m(q)?
6
Let p(q) = 9*q - 18. Let x be p(4). What is the units digit of (x/10)/((-33)/(-220))?
2
Suppose -2*y - 2*n - 100 = -7*y, 4*y = n + 77. Let j be 46/8 - y/24. Suppose -7 = j*f - 62. What is the units digit of f?
1
Let h be 5*15*(-1)/((-20)/(-8)). What is the units digit of (-4)/(-5) - 2226/h?
5
Let v(d) = -d**3 - 17*d**2 + 16*d + 2. Suppose -1 = 5*y + 89. What is the units digit of v(y)?
8
Let f(n) = -5*n + 1. Let m be f(-6). Let z = -260 - -262. Suppose -z - m = -3*x. What is the units digit of x?
1
Let s be (-2)/3 - (-1677)/(-9). Let t be 18/(-63) - s/(-7). What is the units digit of t/(-12)*192/9?
8
Let g(b) = -b**3 + 70*b**2 + 31*b - 52. What is the thousands digit of g(70)?
2
Let x = 451 + -162. What is the tens digit of x?
8
Suppose 27 = -3*a + 8*a + 4*o, -3 = 4*a - 5*o. Suppose 0 = -3*x - a*y, 24 = 3*x - 4*y + 3. Suppose -38 = -x*f - 8. What is the tens digit of f?
1
Let t(p) = -39*p**3 + 26*p**2 - 3*p - 2. What is the tens digit of t(-3)?
9
Suppose 2*a - 50 = 96. Let d be (-6)/(-6) - (0 - 3). Suppose -d*m + 104 = i, 4*m - a = 4*i + 51. What is the tens digit of m?
2
Let x(g) = g**2 + 13*g - 20. Let v be x(-14). Let c = 121 - v. What is the hundreds digit of c?
1
Suppose t + 3*t - 4*a = 1260, -8 = -4*a. What is the units digit of t?
7
Suppose -43 = -16*w + 37. What is the units digit of (-24)/w*-1*(-320)/(-12)?
8
Suppose -3*h + 15 = 0, 2*h + 0*h - 9 = a. Let u(p) = 2*p**2 + 4 - a - 3 - 8*p**3 - 1. What is the units digit of u(-1)?
9
Let y be ((-48)/28)/(1/(-7)). Let q(l) = -2 + 13*l - l**2 - 6 + 1. What is the units digit of q(y)?
5
Suppose 3*k = c - k - 152, 2*c = 2*k + 328. Suppose -4*p + 224 = -0*p - d, 0 = 3*p + 2*d - c. What is the units digit of p?
6
Let o be 693/(-18) - -5 - (-2)/(-4). Suppose n - q = -4*n - 103, -113 = 5*n + 4*q. Let u = n - o. What is the tens digit of u?
1
Let m be (-66)/9*-3*2. Suppose -5*z - 1 = m. Let p(w) = w**2 + 8*w + 9. What is the tens digit of p(z)?
1
Let q = 120 + 270. What is the tens digit of q?
9
Suppose 0 = -3*c + 9, 4*d - c = 4*c + 45. What is the tens digit of d?
1
Let f(u) = 2*u**3 - 2*u**2 - 9*u - 2. Let p(c) = c**3 - 3*c**2 - 6*c. Let v be p(5). Suppose -3*q = -8*q + v. What is the units digit of f(q)?
8
Let k be (2/(-4))/((-2)/16). Suppose 9*i - 30 = k*i. What is the units digit of 2*i/4 + 3?
6
Suppose -2*y + 1451 = -3*s, -1030 = -4*y - s + 1879. What is the units digit of y?
7
What is the units digit of (((-87)/6)/(-1))/(9/1710)?
5
Suppose -j + 0 = 11. Let h be 1 + (j - 12/(-3)). What is the tens digit of (-402)/(-9)*(-9)/h?
6
Suppose -7 - 9 = -g - 3*p, 2*p - 8 = 2*g. What is the units digit of (-2 - (-33 + -1)) + g?
3
Suppose -9*i + 5*i + 9787 = w, -3*i + w + 7342 = 0. What is the tens digit of i?
4
Suppose 0 = -2*n - 3*q + 188, 2*n - 5*q - 50 = 138. Suppose j + 27 = n. What is the units digit of j?
7
Let j(m) = -m**3 - 8*m**2 - m - 8. Let t(q) = q**3 - 5*q**2 + 4*q - 4. Let l be t(2). Let k be j(l). Suppose k = v - 21 - 13. What is the units digit of v?
4
What is the hundreds digit of (-131)/(7 - 648/92)?
0
Let b(y) = y**2 + 10*y + 18. Let k be b(-9). Let f = 4 - k. What is the units digit of 20*2*f/(-10)?
0
Suppose 3 + 5 = 2*k. Suppose 175 = k*c + c. What is the tens digit of c?
3
Let u = -1095 + 1922. What is the tens digit of u?
2
Let f(x) = -x**3 - 19*x**2 + 10*x - 63. What is the hundreds digit of f(-22)?
1
What is the units digit of (-5 + 0)/(11 - 10) + 209?
4
Suppose 37432 = 47*b - 39*b. What is the thousands digit of b?
4
Suppose -3*w - 6 = -w. Let y(k) = 4*k**2 + 4*k - 2. Let d be y(-2). What is the units digit of (d/6)/((-1)/w)?
3
Let w(y) = 17*y**2 - 16*y + 86. What is the tens digit of w(6)?
0
Let v = 587 - -1096. What is the tens digit of v?
8
Let z = 3 + 0. Suppose 0 = z*h + 49 - 265. Suppose 2*m - h = -m. What is the tens digit of m?
2
Let s be (-2416)/(-10) - 14/(-35). Let w = 512 - s. Suppose 2*a + 4*a - w = 0. What is the units digit of a?
5
Let y be 5/2*(-16)/(-20). Suppose 104 = 5*r - 111. Suppose -y*b = 4*u - 6, -r = -5*b + u - 4*u. What is the units digit of b?
1
Let a(p) be the second derivative of 3*p**5/2 + p**4/12 - p**3/3 + p**2/2 - 36*p. What is the tens digit of a(1)?
3
Let f be ((0 + -2)*2)/(0 + -1). Suppose 2*n = 3*h - f*h + 121, 3*n + 2*h = 180. What is the tens digit of n?
6
Let p(q) = 35*q**3 - 9*q**2 + 6*q - 22. What is the tens digit of p(5)?
5
Let j = 0 - -1. Let r be (-4 - -6) + (j - 1). Suppose -r*f 